{"id":6007,"date":"2017-11-19T19:09:04","date_gmt":"2017-11-19T18:09:04","guid":{"rendered":"http:\/\/www.koenigswinter-cognac.de\/Wordpress-2018\/wordpress\/?page_id=6007"},"modified":"2025-03-21T17:24:09","modified_gmt":"2025-03-21T16:24:09","slug":"impressum-datenschutz","status":"publish","type":"page","link":"https:\/\/www.koenigswinter-cognac.de\/index.php\/impressum-datenschutz\/","title":{"rendered":"Impressum"},"content":{"rendered":"<p><strong>Verein zur F\u00f6rderung der Partnerschaft K\u00f6nigswinter &#8211; Cognac 1989 e.V.<\/strong><br \/>\nAnnette Mock<br \/>\nFalltorstra\u00dfe 14<br \/>\n53639 K\u00f6nigswinter<\/p>\n<p>Email: <a href=\"mailto:vorsitz@koenigswinter-cognac.de\">vorsitz@koenigswinter-cognac.de <\/a><\/p>\n<p>Inhaltlich verantwortlich gem\u00e4\u00df \u00a7 6 MDStV&#8220; f\u00fcr diese Seiten:<br \/>\nVerein zur F\u00f6rderung der Partnerschaft K\u00f6nigswinter &#8211; Cognac 1989 e.V.<\/p>\n<p><strong>Vertreten durch:<\/strong><\/p>\n<ul>\n<li>Annette Mock<\/li>\n<li>Christa Dohmann<\/li>\n<\/ul>\n<p>Email: <a class=\"link\" title=\"\" href=\"mailto:webmaster@koenigswinter-cognac.de\" target=\"_blank\" rel=\"noopener\">webmaster@koenigswinter-cognac.de<\/a><\/p>\n<hr \/>\n<p><strong>Haftungsausschluss<\/strong> | Der Verein zur F\u00f6rderung der Partnerschaft K\u00f6nigswinter &#8211; Cognac 1989 e.V. (PV K\u00f6nigswinter &#8211; Cognac) ist als Inhaltsanbieter nach \u00a7 7 Absatz 1 Telemediengesetz (TMG) f\u00fcr die &#8222;eigenen Inhalte&#8220;, die er zur Nutzung bereith\u00e4lt, verantwortlich. Obwohl alle Inhalte sorgf\u00e4ltig gepr\u00fcft und st\u00e4ndig aktualisiert werden, \u00fcbernimmt der PV K\u00f6nigswinter &#8211; Cognac jedoch keine Garantie f\u00fcr die Vollst\u00e4ndigkeit, Richtigkeit und letzte Aktualit\u00e4t. Der PV K\u00f6nigswinter &#8211; Cognac haftet daher nicht f\u00fcr Sch\u00e4den, die in Zusammenhang mit der Verwendung dieser Inhalte stehen, soweit diese nicht auf Vorsatz oder grober Fahrl\u00e4ssigkeit des PV K\u00f6nigswinter &#8211; Cognac beruhen.<\/p>\n<p>Von diesen eigenen Inhalten sind Querverweise (&#8222;Links&#8220;) auf die von anderen Anbietern erstellten und bereitgehaltenen Inhalte zu unterscheiden. Durch den Querverweis vermittelt der PV K\u00f6nigswinter &#8211; Cognac den Zugang zur Nutzung dieser Inhalte (\u00a7 9 Teledienstgesetz). F\u00fcr diese &#8222;fremden&#8220; Inhalte ist der PV K\u00f6nigswinter &#8211; Cognac nicht verantwortlich, da der PV K\u00f6nigswinter &#8211; Cognac die \u00dcbermittlung der Information nicht veranlasst, den Adressaten der \u00fcbermittelten Informationen nicht ausw\u00e4hlt und die \u00fcbermittelten Informationen auch nicht ausgew\u00e4hlt oder ver\u00e4ndert hat. Auch eine automatische kurzzeitige Zwischenspeicherung dieser &#8222;fremden Informationen&#8220; erfolgt wegen der gew\u00e4hlten Aufruf- und Verlinkungsmethodik durch den PV K\u00f6nigswinter &#8211; Cognac nicht, so dass sich auch dadurch keine Verantwortlichkeit des PV K\u00f6nigswionter &#8211; Cognac f\u00fcr diese fremden Inhalte ergibt.<\/p>\n<p>Bei &#8222;Links&#8220; handelt es sich stets um Verweisungen auf &#8222;lebende&#8220; (dynamische) Internetauftritte Dritter. Der PV K\u00f6nigswinter &#8211; Cognac hat bei der erstmaligen Verkn\u00fcpfung zwar den fremden Inhalt daraufhin \u00fcberpr\u00fcft, ob durch ihn eine m\u00f6gliche zivilrechtliche oder strafrechtliche Verantwortlichkeit ausgel\u00f6st wird. Der PV K\u00f6nigswinter &#8211; Cognac ist aber nicht dazu verpflichtet, die Inhalte, auf die von der PV K\u00f6nigswinter &#8211; Cognac-Website aus verwiesen wird, st\u00e4ndig auf Ver\u00e4nderungen zu \u00fcberpr\u00fcfen, die eine Verantwortlichkeit neu begr\u00fcnden k\u00f6nnten. Erst wenn der PV K\u00f6nigswinter &#8211; Cognac feststellt oder von anderen darauf hingewiesen wird, dass ein konkretes Angebot, zu dem ein Link bereitgestellt wurde, eine zivil- oder strafrechtliche Verantwortlichkeit ausl\u00f6st, wird der PV K\u00f6nigswinter &#8211; Cognac den Verweis auf dieses Angebot aufheben, soweit dies technisch m\u00f6glich und zumutbar ist. Die technische M\u00f6glichkeit und Zumutbarkeit wird nicht dadurch beeinflusst, dass auch nach Unterbindung des Zugriffs von der Homepage des PV K\u00f6nigswinter &#8211; Cognac von anderen Servern aus auf das rechtswidrige oder strafbare Angebot zugegriffen werden kann.<\/p>\n<p><b>Copyright<\/b> | Die vorliegenden Inhalte (Text, Bilder, Grafiken, Sound, Animationen, Videos und \u00e4hnliches sowie deren Anordnung) des Internetauftritts des PV K\u00f6nigswinter &#8211; Cognac sind urheberrechtlich gesch\u00fctzt. Alle Rechte sind vorbehalten. Mit Ausnahme der angebotenen Downloads zur Verwendung in der Originalfassung verst\u00f6\u00dft die Verwendung der Texte und Abbildungen, auch auszugsweise, ohne die vorherige schriftliche Zustimmung des PV K\u00f6nigswinter &#8211; Cognac gegen die Bestimmungen des Urheberrechts und ist damit rechtswidrig. Dies gilt insbesondere auch f\u00fcr alle Verwertungsrechte wie die Vervielf\u00e4ltigung, die \u00dcbersetzung oder die Verwendung in elektronischen Systemen.<\/p>\n","protected":false},"excerpt":{"rendered":"<p>Verein zur F\u00f6rderung der Partnerschaft K\u00f6nigswinter &#8211; Cognac 1989 e.V.<br \/>\nAnnette Mock<br \/>\nFalltorstra\u00dfe 14<br \/>\n53639 K\u00f6nigswinter<br \/>\nEmail: <a href=\"mailto:vorsitz@koenigswinter-cognac.de\">vorsitz@koenigswinter-cognac.de <\/a><br \/>\nInhaltlich verantwortlich gem\u00e4\u00df \u00a7 6 MDStV&#8220; f\u00fcr diese Seiten:<br \/>\nVerein zur F\u00f6rderung der Partnerschaft K\u00f6nigswinter &#8211; Cognac 1989 e.V.<br \/>\nVertreten durch:<\/p>\n<p>Annette Mock<br \/>\nChrista Dohmann<\/p>\n<p>Email: <a class=\"link\" title=\"\" href=\"mailto:webmaster@koenigswinter-cognac.de\" target=\"_blank\" rel=\"noopener\">webmaster@koenigswinter-cognac.de<\/a><\/p>\n<p>Haftungsausschluss | Der Verein zur F\u00f6rderung der Partnerschaft K\u00f6nigswinter &#8211; Cognac 1989 e.V. (PV K\u00f6nigswinter &#8211; Cognac) ist als Inhaltsanbieter nach \u00a7 7 Absatz 1 Telemediengesetz (TMG) f\u00fcr die &#8222;eigenen Inhalte&#8220;, die er zur Nutzung bereith\u00e4lt, verantwortlich. Obwohl alle Inhalte sorgf\u00e4ltig gepr\u00fcft und st\u00e4ndig aktualisiert werden, \u00fcbernimmt der PV K\u00f6nigswinter &#8211; Cognac jedoch keine Garantie f\u00fcr die Vollst\u00e4ndigkeit, Richtigkeit und letzte Aktualit\u00e4t. Der PV K\u00f6nigswinter &#8211; Cognac haftet daher nicht f\u00fcr Sch\u00e4den, die in Zusammenhang mit der Verwendung dieser Inhalte stehen, soweit diese nicht auf Vorsatz oder grober Fahrl\u00e4ssigkeit des PV K\u00f6nigswinter &#8211; Cognac beruhen.<br \/>\nVon diesen eigenen Inhalten sind Querverweise (&#8222;Links&#8220;) auf die von anderen Anbietern erstellten und bereitgehaltenen Inhalte zu unterscheiden. Durch den Querverweis vermittelt der PV K\u00f6nigswinter &#8211; Cognac den Zugang zur Nutzung dieser Inhalte (\u00a7 9 Teledienstgesetz). F\u00fcr diese &#8222;fremden&#8220; Inhalte ist der PV K\u00f6nigswinter &#8211; Cognac nicht verantwortlich, da der PV K\u00f6nigswinter &#8211; Cognac die \u00dcbermittlung der Information nicht veranlasst, den Adressaten der \u00fcbermittelten Informationen nicht ausw\u00e4hlt und die \u00fcbermittelten Informationen auch nicht ausgew\u00e4hlt oder ver\u00e4ndert hat. Auch eine automatische kurzzeitige Zwischenspeicherung dieser &#8222;fremden Informationen&#8220; erfolgt wegen der gew\u00e4hlten Aufruf- und Verlinkungsmethodik durch den PV K\u00f6nigswinter &#8211; Cognac nicht, so dass sich auch dadurch keine Verantwortlichkeit des PV K\u00f6nigswionter &#8211; Cognac f\u00fcr diese fremden Inhalte ergibt.<br \/>\nBei &#8222;Links&#8220; handelt es sich stets um Verweisungen auf &#8222;lebende&#8220; (dynamische) Internetauftritte Dritter. Der PV K\u00f6nigswinter &#8211; Cognac hat bei der erstmaligen Verkn\u00fcpfung zwar den fremden Inhalt daraufhin \u00fcberpr\u00fcft, ob durch ihn eine m\u00f6gliche zivilrechtliche oder strafrechtliche Verantwortlichkeit ausgel\u00f6st wird. Der PV K\u00f6nigswinter &#8211; Cognac ist aber nicht dazu verpflichtet, die Inhalte, auf die von der PV K\u00f6nigswinter &#8211; Cognac-Website aus verwiesen wird, st\u00e4ndig auf Ver\u00e4nderungen zu \u00fcberpr\u00fcfen, die eine Verantwortlichkeit neu begr\u00fcnden k\u00f6nnten. Erst wenn der PV K\u00f6nigswinter &#8211; Cognac feststellt oder von anderen darauf hingewiesen wird, dass ein konkretes Angebot, zu dem ein Link bereitgestellt wurde, eine zivil- oder strafrechtliche Verantwortlichkeit ausl\u00f6st, wird der PV K\u00f6nigswinter &#8211; Cognac den Verweis auf dieses Angebot aufheben, soweit dies technisch m\u00f6glich und zumutbar ist. Die technische M\u00f6glichkeit und Zumutbarkeit wird nicht dadurch beeinflusst, dass auch nach Unterbindung des Zugriffs von der Homepage des PV K\u00f6nigswinter &#8211; Cognac von anderen Servern aus auf das rechtswidrige oder strafbare Angebot zugegriffen werden kann.<br \/>\nCopyright | Die vorliegenden Inhalte (Text, Bilder, Grafiken, Sound, Animationen, Videos und \u00e4hnliches sowie deren Anordnung) des Internetauftritts des PV K\u00f6nigswinter &#8211; Cognac sind urheberrechtlich gesch\u00fctzt. Alle Rechte sind vorbehalten. Mit Ausnahme der angebotenen Downloads zur Verwendung in der Originalfassung verst\u00f6\u00dft die Verwendung der Texte und Abbildungen, auch auszugsweise, ohne die vorherige schriftliche Zustimmung des PV K\u00f6nigswinter &#8211; Cognac gegen die Bestimmungen des Urheberrechts und ist damit rechtswidrig. Dies gilt insbesondere auch f\u00fcr alle Verwertungsrechte wie die Vervielf\u00e4ltigung, die \u00dcbersetzung oder die Verwendung in elektronischen Systemen.<\/p>\n","protected":false},"author":1,"featured_media":0,"parent":0,"menu_order":0,"comment_status":"closed","ping_status":"closed","template":"","meta":{"footnotes":""},"class_list":["post-6007","page","type-page","status-publish","hentry"],"_links":{"self":[{"href":"https:\/\/www.koenigswinter-cognac.de\/index.php\/wp-json\/wp\/v2\/pages\/6007","targetHints":{"allow":["GET"]}}],"collection":[{"href":"https:\/\/www.koenigswinter-cognac.de\/index.php\/wp-json\/wp\/v2\/pages"}],"about":[{"href":"https:\/\/www.koenigswinter-cognac.de\/index.php\/wp-json\/wp\/v2\/types\/page"}],"author":[{"embeddable":true,"href":"https:\/\/www.koenigswinter-cognac.de\/index.php\/wp-json\/wp\/v2\/users\/1"}],"replies":[{"embeddable":true,"href":"https:\/\/www.koenigswinter-cognac.de\/index.php\/wp-json\/wp\/v2\/comments?post=6007"}],"version-history":[{"count":15,"href":"https:\/\/www.koenigswinter-cognac.de\/index.php\/wp-json\/wp\/v2\/pages\/6007\/revisions"}],"predecessor-version":[{"id":70247,"href":"https:\/\/www.koenigswinter-cognac.de\/index.php\/wp-json\/wp\/v2\/pages\/6007\/revisions\/70247"}],"wp:attachment":[{"href":"https:\/\/www.koenigswinter-cognac.de\/index.php\/wp-json\/wp\/v2\/media?parent=6007"}],"curies":[{"name":"wp","href":"https:\/\/api.w.org\/{rel}","templated":true}]}}