{"id":70251,"date":"2025-03-21T17:34:09","date_gmt":"2025-03-21T16:34:09","guid":{"rendered":"https:\/\/www.koenigswinter-cognac.de\/?page_id=70251"},"modified":"2025-03-21T17:50:15","modified_gmt":"2025-03-21T16:50:15","slug":"berichte-2025","status":"publish","type":"page","link":"https:\/\/www.koenigswinter-cognac.de\/index.php\/berichte\/berichte-2025\/","title":{"rendered":"Berichte 2025"},"content":{"rendered":"<div  class='fullwidth-section  ' >\t<div class=\"container\"><div class=\"dt-sc-hr-border\"><\/div><div class=\"blog-entry-posts\"><div class=\"column dt-sc-one-third first\"><article id=\"post-70288\" class=\"blog-entry post-70288 post type-post status-publish format-standard has-post-thumbnail hentry category-162 category-neuigkeiten\"><div class=\"blog-entry-inner\"><div class=\"entry-thumb\"><a href=\"https:\/\/www.koenigswinter-cognac.de\/index.php\/wenn-das-glueck-entscheiden-muss\/\" title=\"Wenn das Gl\u00fcck entscheiden muss &#8211; Boule 2025\"><img loading=\"lazy\" decoding=\"async\" width=\"420\" height=\"261\" src=\"https:\/\/www.koenigswinter-cognac.de\/wp-content\/uploads\/2025\/07\/20250714-Hand-730-420x261.jpg\" class=\"attachment-blog-threecol size-blog-threecol wp-post-image\" alt=\"\" title=\"Wenn das Gl\u00fcck entscheiden muss &#8211; Boule 2025\" \/><div class=\"blog-overlay\"><span class=\"image-overlay-inside\"><\/span><\/div><\/a><\/div><div class=\"entry-meta\"><div class=\"date\">15 Juli 2025<\/div><\/div><div class=\"entry-title\"><h4><a href=\"https:\/\/www.koenigswinter-cognac.de\/index.php\/wenn-das-glueck-entscheiden-muss\/\">Wenn das Gl\u00fcck entscheiden muss &#8211; Boule 2025<\/a><\/h4><\/div><div class=\"entry-body\"><p>Bestens vorbereitet und gut motiviert traten 24 Vereinsmitglieder und Freunde zum allj\u00e4hrlichen Bouleturnier am franz\u00f6sischen Nationalfeiertag an. Auch B\u00fcrgermeister...<\/p><div class=\"entry-metadata\">by <a href=\"https:\/\/www.koenigswinter-cognac.de\/index.php\/author\/kwcognac\/\">PV K\u00f6nigswinter - Cognac<\/a> \/ <a href=\"https:\/\/www.koenigswinter-cognac.de\/index.php\/category\/2025\/\" title=\"View all posts in 2025\">2025<\/a>, <a href=\"https:\/\/www.koenigswinter-cognac.de\/index.php\/category\/neuigkeiten\/\" title=\"View all posts in Neuigkeiten\">Neuigkeiten<\/a> \/ <a href=\"https:\/\/www.koenigswinter-cognac.de\/index.php\/wenn-das-glueck-entscheiden-muss\/\/#comments\">No Comments<\/a><\/div><\/div><\/div><\/article><\/div><div class=\"column dt-sc-one-third\"><article id=\"post-70281\" class=\"blog-entry post-70281 post type-post status-publish format-standard has-post-thumbnail hentry category-162 category-neuigkeiten\"><div class=\"blog-entry-inner\"><div class=\"entry-thumb\"><a href=\"https:\/\/www.koenigswinter-cognac.de\/index.php\/petit-medoc-2025-wir-sind-dabei-2\/\" title=\"petit m\u00e9doc 2025 &#8211; wir waren dabei\"><img loading=\"lazy\" decoding=\"async\" width=\"420\" height=\"261\" src=\"https:\/\/www.koenigswinter-cognac.de\/wp-content\/uploads\/2025\/06\/petit_medoc-730-420x261.jpg\" class=\"attachment-blog-threecol size-blog-threecol wp-post-image\" alt=\"\" title=\"petit m\u00e9doc 2025 &#8211; wir waren dabei\" \/><div class=\"blog-overlay\"><span class=\"image-overlay-inside\"><\/span><\/div><\/a><\/div><div class=\"entry-meta\"><div class=\"date\">29 Juni 2025<\/div><\/div><div class=\"entry-title\"><h4><a href=\"https:\/\/www.koenigswinter-cognac.de\/index.php\/petit-medoc-2025-wir-sind-dabei-2\/\">petit m\u00e9doc 2025 &#8211; wir waren dabei<\/a><\/h4><\/div><div class=\"entry-body\"><p>Bei herrlichem Wetter fand das Laufevent &#8222;petit m\u00e9doc&#8220;\u00a0 am 28. Juni 2025 in den Oberdollendorfer Weinbergen statt.\u00a0 Der Partnerschaftsverein...<\/p><div class=\"entry-metadata\">by <a href=\"https:\/\/www.koenigswinter-cognac.de\/index.php\/author\/kwcognac\/\">PV K\u00f6nigswinter - Cognac<\/a> \/ <a href=\"https:\/\/www.koenigswinter-cognac.de\/index.php\/category\/2025\/\" title=\"View all posts in 2025\">2025<\/a>, <a href=\"https:\/\/www.koenigswinter-cognac.de\/index.php\/category\/neuigkeiten\/\" title=\"View all posts in Neuigkeiten\">Neuigkeiten<\/a> \/ <a href=\"https:\/\/www.koenigswinter-cognac.de\/index.php\/petit-medoc-2025-wir-sind-dabei-2\/\/#comments\">No Comments<\/a><\/div><\/div><\/div><\/article><\/div><div class=\"column dt-sc-one-third\"><article id=\"post-70263\" class=\"blog-entry post-70263 post type-post status-publish format-aside has-post-thumbnail hentry category-162 category-neuigkeiten post_format-post-format-aside\"><div class=\"blog-entry-inner\"><div class=\"entry-thumb\"><a href=\"https:\/\/www.koenigswinter-cognac.de\/index.php\/cognac-zwischen-handelskrieg-und-klimawandel\/\" title=\"Cognac zwischen Handelskrieg und Klimawandel\"><img loading=\"lazy\" decoding=\"async\" width=\"420\" height=\"261\" src=\"https:\/\/www.koenigswinter-cognac.de\/wp-content\/uploads\/2025\/05\/20250516-Cognacflaschen-420x261.jpg\" class=\"attachment-blog-threecol size-blog-threecol wp-post-image\" alt=\"\" title=\"Cognac zwischen Handelskrieg und Klimawandel\" \/><div class=\"blog-overlay\"><span class=\"image-overlay-inside\"><\/span><\/div><\/a><\/div><div class=\"entry-meta\"><div class=\"date\">16 Mai 2025<\/div><\/div><div class=\"entry-title\"><h4><a href=\"https:\/\/www.koenigswinter-cognac.de\/index.php\/cognac-zwischen-handelskrieg-und-klimawandel\/\">Cognac zwischen Handelskrieg und Klimawandel<\/a><\/h4><\/div><div class=\"entry-body\"><p>Unser Mitglied Matilda Jordanova Duda hat unseren Besuch in Cognac dazu genutzt, die Auswirkungen von Klimawandel und Handelskrieg auf...<\/p><div class=\"entry-metadata\">by <a href=\"https:\/\/www.koenigswinter-cognac.de\/index.php\/author\/kwcognac\/\">PV K\u00f6nigswinter - Cognac<\/a> \/ <a href=\"https:\/\/www.koenigswinter-cognac.de\/index.php\/category\/2025\/\" title=\"View all posts in 2025\">2025<\/a>, <a href=\"https:\/\/www.koenigswinter-cognac.de\/index.php\/category\/neuigkeiten\/\" title=\"View all posts in Neuigkeiten\">Neuigkeiten<\/a> \/ <a href=\"https:\/\/www.koenigswinter-cognac.de\/index.php\/cognac-zwischen-handelskrieg-und-klimawandel\/\/#comments\">No Comments<\/a><\/div><\/div><\/div><\/article><\/div><div class=\"column dt-sc-one-third first\"><article id=\"post-70237\" class=\"blog-entry post-70237 post type-post status-publish format-aside has-post-thumbnail hentry category-162 category-neuigkeiten post_format-post-format-aside\"><div class=\"blog-entry-inner\"><div class=\"entry-thumb\"><a href=\"https:\/\/www.koenigswinter-cognac.de\/index.php\/cognacfahrt-2025\/\" title=\"Cognac, du warst der Hammer\"><img loading=\"lazy\" decoding=\"async\" width=\"420\" height=\"261\" src=\"https:\/\/www.koenigswinter-cognac.de\/wp-content\/uploads\/2025\/05\/20250506-Cognacfahrt-420x261.jpg\" class=\"attachment-blog-threecol size-blog-threecol wp-post-image\" alt=\"\" title=\"Cognac, du warst der Hammer\" \/><div class=\"blog-overlay\"><span class=\"image-overlay-inside\"><\/span><\/div><\/a><\/div><div class=\"entry-meta\"><div class=\"date\">06 Mai 2025<\/div><\/div><div class=\"entry-title\"><h4><a href=\"https:\/\/www.koenigswinter-cognac.de\/index.php\/cognacfahrt-2025\/\">Cognac, du warst der Hammer<\/a><\/h4><\/div><div class=\"entry-body\"><p>28 K\u00f6nigswinterer Mitglieder unseres Partnerschaftsvereins haben den Mai bei unseren franz\u00f6sischen Freunden begr\u00fc\u00dft.\nWas f\u00fcr ein Mega-Programm dieses Jahr! Auf...<\/p><div class=\"entry-metadata\">by <a href=\"https:\/\/www.koenigswinter-cognac.de\/index.php\/author\/kwcognac\/\">PV K\u00f6nigswinter - Cognac<\/a> \/ <a href=\"https:\/\/www.koenigswinter-cognac.de\/index.php\/category\/2025\/\" title=\"View all posts in 2025\">2025<\/a>, <a href=\"https:\/\/www.koenigswinter-cognac.de\/index.php\/category\/neuigkeiten\/\" title=\"View all posts in Neuigkeiten\">Neuigkeiten<\/a> \/ <a href=\"https:\/\/www.koenigswinter-cognac.de\/index.php\/cognacfahrt-2025\/\/#comments\">No Comments<\/a><\/div><\/div><\/div><\/article><\/div><div class=\"column dt-sc-one-third\"><article id=\"post-70234\" class=\"blog-entry post-70234 post type-post status-publish format-aside has-post-thumbnail hentry category-162 category-neuigkeiten post_format-post-format-aside\"><div class=\"blog-entry-inner\"><div class=\"entry-thumb\"><a href=\"https:\/\/www.koenigswinter-cognac.de\/index.php\/vorstandswahlen-im-pv-koenigswinter-cognac\/\" title=\"Vorstandswahlen im PV K\u00f6nigswinter &#8211; Cognac\"><img loading=\"lazy\" decoding=\"async\" width=\"420\" height=\"261\" src=\"https:\/\/www.koenigswinter-cognac.de\/wp-content\/uploads\/2024\/04\/cropped-Cognac_Logo_512x512-420x261.jpg\" class=\"attachment-blog-threecol size-blog-threecol wp-post-image\" alt=\"\" title=\"Vorstandswahlen im PV K\u00f6nigswinter &#8211; Cognac\" \/><div class=\"blog-overlay\"><span class=\"image-overlay-inside\"><\/span><\/div><\/a><\/div><div class=\"entry-meta\"><div class=\"date\">20 M\u00e4rz 2025<\/div><\/div><div class=\"entry-title\"><h4><a href=\"https:\/\/www.koenigswinter-cognac.de\/index.php\/vorstandswahlen-im-pv-koenigswinter-cognac\/\">Vorstandswahlen im PV K\u00f6nigswinter &#8211; Cognac<\/a><\/h4><\/div><div class=\"entry-body\"><p>Im Rahmen der Jahreshauptversammlung am 19.03.2025 fanden die turnusm\u00e4\u00dfigen Vorstandswahlen statt. Drei der bisherigen Vorstandsmitglieder kandidierten nicht erneut: Vorsitzender...<\/p><div class=\"entry-metadata\">by <a href=\"https:\/\/www.koenigswinter-cognac.de\/index.php\/author\/kwcognac\/\">PV K\u00f6nigswinter - Cognac<\/a> \/ <a href=\"https:\/\/www.koenigswinter-cognac.de\/index.php\/category\/2025\/\" title=\"View all posts in 2025\">2025<\/a>, <a href=\"https:\/\/www.koenigswinter-cognac.de\/index.php\/category\/neuigkeiten\/\" title=\"View all posts in Neuigkeiten\">Neuigkeiten<\/a> \/ <a href=\"https:\/\/www.koenigswinter-cognac.de\/index.php\/vorstandswahlen-im-pv-koenigswinter-cognac\/\/#comments\">No Comments<\/a><\/div><\/div><\/div><\/article><\/div><\/div><div class=\"dt-sc-hr-border\"><\/div>\t<\/div><\/div>\n","protected":false},"excerpt":{"rendered":"<p>Im Rahmen der Jahreshauptversammlung am 19.03.2025 fanden die turnusm\u00e4\u00dfigen Vorstandswahlen statt. Drei der bisherigen Vorstandsmitglieder kandidierten nicht erneut: Vorsitzender Karl Schmitz und die Beisitzer Elisabeth Wendt und Clemens Feugmann. Wir bedanken uns bei ihnen f\u00fcr Ihr langj\u00e4hriges Engagement.<br \/>\nDer neu gew\u00e4hlte Vorstand setzt sich wie folgt zusammen<\/p>\n<p>Vorsitzende: Annette Mock<br \/>\nstv. Vorsitzende: Christa Dohmann<br \/>\nSchriftf\u00fchrerin: Hilke Andreae-Hinrichs<br \/>\nSchatzmeister: Heribert Joachim<br \/>\nBeisitzer:<\/p>\n<p>Gisela Becker<br \/>\nDr. Gerhard Duda<br \/>\nPaulina Mock<\/p>\n<p>Wir w\u00fcnschen dem neu gew\u00e4hlten Vorstand viel Erfolg.<\/p>\n","protected":false},"author":1,"featured_media":0,"parent":5981,"menu_order":0,"comment_status":"closed","ping_status":"closed","template":"","meta":{"footnotes":""},"class_list":["post-70251","page","type-page","status-publish","hentry"],"_links":{"self":[{"href":"https:\/\/www.koenigswinter-cognac.de\/index.php\/wp-json\/wp\/v2\/pages\/70251","targetHints":{"allow":["GET"]}}],"collection":[{"href":"https:\/\/www.koenigswinter-cognac.de\/index.php\/wp-json\/wp\/v2\/pages"}],"about":[{"href":"https:\/\/www.koenigswinter-cognac.de\/index.php\/wp-json\/wp\/v2\/types\/page"}],"author":[{"embeddable":true,"href":"https:\/\/www.koenigswinter-cognac.de\/index.php\/wp-json\/wp\/v2\/users\/1"}],"replies":[{"embeddable":true,"href":"https:\/\/www.koenigswinter-cognac.de\/index.php\/wp-json\/wp\/v2\/comments?post=70251"}],"version-history":[{"count":2,"href":"https:\/\/www.koenigswinter-cognac.de\/index.php\/wp-json\/wp\/v2\/pages\/70251\/revisions"}],"predecessor-version":[{"id":70253,"href":"https:\/\/www.koenigswinter-cognac.de\/index.php\/wp-json\/wp\/v2\/pages\/70251\/revisions\/70253"}],"up":[{"embeddable":true,"href":"https:\/\/www.koenigswinter-cognac.de\/index.php\/wp-json\/wp\/v2\/pages\/5981"}],"wp:attachment":[{"href":"https:\/\/www.koenigswinter-cognac.de\/index.php\/wp-json\/wp\/v2\/media?parent=70251"}],"curies":[{"name":"wp","href":"https:\/\/api.w.org\/{rel}","templated":true}]}}