{"id":7441,"date":"2018-03-11T19:18:50","date_gmt":"2018-03-11T18:18:50","guid":{"rendered":"http:\/\/www.koenigswinter-cognac.de\/Wordpress-2018\/?page_id=7441"},"modified":"2018-03-11T19:18:50","modified_gmt":"2018-03-11T18:18:50","slug":"berichte-2015","status":"publish","type":"page","link":"https:\/\/www.koenigswinter-cognac.de\/index.php\/berichte\/berichte-2015\/","title":{"rendered":"Berichte 2015"},"content":{"rendered":"<div  class='fullwidth-section  ' >\t<div class=\"container\"><div class=\"dt-sc-hr-border\"><\/div><div class=\"blog-entry-posts\"><div class=\"column dt-sc-one-third first\"><article id=\"post-7603\" class=\"blog-entry post-7603 post type-post status-publish format-aside has-post-thumbnail hentry category-151 post_format-post-format-aside\"><div class=\"blog-entry-inner\"><div class=\"entry-thumb\"><a href=\"https:\/\/www.koenigswinter-cognac.de\/index.php\/jahresbericht-2015\/\" title=\"Jahresbericht 2015\"><img loading=\"lazy\" decoding=\"async\" width=\"420\" height=\"261\" src=\"https:\/\/www.koenigswinter-cognac.de\/wp-content\/uploads\/2018\/03\/2015-420x261.jpg\" class=\"attachment-blog-threecol size-blog-threecol wp-post-image\" alt=\"\" title=\"Jahresbericht 2015\" \/><div class=\"blog-overlay\"><span class=\"image-overlay-inside\"><\/span><\/div><\/a><\/div><div class=\"entry-meta\"><div class=\"date\">31 Dez. 2015<\/div><\/div><div class=\"entry-title\"><h4><a href=\"https:\/\/www.koenigswinter-cognac.de\/index.php\/jahresbericht-2015\/\">Jahresbericht 2015<\/a><\/h4><\/div><div class=\"entry-body\"><p>Der Bericht mit den Aktivit\u00e4ten des Partnerschaftsvereins im Jahr 2015 kann <a href=\"https:\/\/www.koenigswinter-cognac.de\/wp-content\/uploads\/2018\/03\/Jahresbericht-2015.pdf\">hier<\/a> heruntergeladen werden.\n<\/p><div class=\"entry-metadata\">by <a href=\"https:\/\/www.koenigswinter-cognac.de\/index.php\/author\/KWCognac1989\/\">PV K\u00f6nigswinter - Cognac<\/a> \/ <a href=\"https:\/\/www.koenigswinter-cognac.de\/index.php\/category\/2015\/\" title=\"View all posts in 2015\">2015<\/a> \/ <a href=\"https:\/\/www.koenigswinter-cognac.de\/index.php\/jahresbericht-2015\/\/#comments\">No Comments<\/a><\/div><\/div><\/div><\/article><\/div><div class=\"column dt-sc-one-third\"><article id=\"post-7639\" class=\"blog-entry post-7639 post type-post status-publish format-aside has-post-thumbnail hentry category-151 post_format-post-format-aside\"><div class=\"blog-entry-inner\"><div class=\"entry-thumb\"><a href=\"https:\/\/www.koenigswinter-cognac.de\/index.php\/delegation-aus-koenigswinter-zu-besuch-in-cognac\/\" title=\"Reise des Cognacvereins an die Charente\"><img loading=\"lazy\" decoding=\"async\" width=\"420\" height=\"261\" src=\"https:\/\/www.koenigswinter-cognac.de\/wp-content\/uploads\/2018\/03\/20150613-Empfang-in-Cognac-420x261.jpg\" class=\"attachment-blog-threecol size-blog-threecol wp-post-image\" alt=\"\" title=\"Reise des Cognacvereins an die Charente\" \/><div class=\"blog-overlay\"><span class=\"image-overlay-inside\"><\/span><\/div><\/a><\/div><div class=\"entry-meta\"><div class=\"date\">01 Aug. 2015<\/div><\/div><div class=\"entry-title\"><h4><a href=\"https:\/\/www.koenigswinter-cognac.de\/index.php\/delegation-aus-koenigswinter-zu-besuch-in-cognac\/\">Reise des Cognacvereins an die Charente<\/a><\/h4><\/div><div class=\"entry-body\"><p>Mit ihren 1000 Jahren sorgten die K\u00f6nigswinterer bei ihrer Reise vom 11. bis 17. Juni 2015 in die Partnerstadt...<\/p><div class=\"entry-metadata\">by <a href=\"https:\/\/www.koenigswinter-cognac.de\/index.php\/author\/KWCognac1989\/\">PV K\u00f6nigswinter - Cognac<\/a> \/ <a href=\"https:\/\/www.koenigswinter-cognac.de\/index.php\/category\/2015\/\" title=\"View all posts in 2015\">2015<\/a> \/ <a href=\"https:\/\/www.koenigswinter-cognac.de\/index.php\/delegation-aus-koenigswinter-zu-besuch-in-cognac\/\/#comments\">No Comments<\/a><\/div><\/div><\/div><\/article><\/div><div class=\"column dt-sc-one-third\"><article id=\"post-7642\" class=\"blog-entry post-7642 post type-post status-publish format-aside has-post-thumbnail hentry category-151 post_format-post-format-aside\"><div class=\"blog-entry-inner\"><div class=\"entry-thumb\"><a href=\"https:\/\/www.koenigswinter-cognac.de\/index.php\/vorlesewettbewerb-2015\/\" title=\"Vorlesewettbewerb 2015\"><img loading=\"lazy\" decoding=\"async\" width=\"420\" height=\"261\" src=\"https:\/\/www.koenigswinter-cognac.de\/wp-content\/uploads\/2018\/03\/20150611-Vorlesewettbewerb-2015-420x261.jpg\" class=\"attachment-blog-threecol size-blog-threecol wp-post-image\" alt=\"\" title=\"Vorlesewettbewerb 2015\" \/><div class=\"blog-overlay\"><span class=\"image-overlay-inside\"><\/span><\/div><\/a><\/div><div class=\"entry-meta\"><div class=\"date\">11 Juni 2015<\/div><\/div><div class=\"entry-title\"><h4><a href=\"https:\/\/www.koenigswinter-cognac.de\/index.php\/vorlesewettbewerb-2015\/\">Vorlesewettbewerb 2015<\/a><\/h4><\/div><div class=\"entry-body\"><p>Unter dem Titel &#8222;Oberstes Gebot: Silence absolu&#8220; ver\u00f6ffentlichte der <a href=\"http:\/\/www.general-anzeiger-bonn.de\/region\/siebengebirge\/koenigswinter\/Oberstes-Gebot-Silence-absolu-article1653907.html\">General-Anzeiger Bonn<\/a> in seiner Ausgabe vom 11.06.2015 einen Bericht...<\/p><div class=\"entry-metadata\">by <a href=\"https:\/\/www.koenigswinter-cognac.de\/index.php\/author\/KWCognac1989\/\">PV K\u00f6nigswinter - Cognac<\/a> \/ <a href=\"https:\/\/www.koenigswinter-cognac.de\/index.php\/category\/2015\/\" title=\"View all posts in 2015\">2015<\/a> \/ <a href=\"https:\/\/www.koenigswinter-cognac.de\/index.php\/vorlesewettbewerb-2015\/\/#comments\">No Comments<\/a><\/div><\/div><\/div><\/article><\/div><\/div><div class=\"dt-sc-hr-border\"><\/div>\t<\/div><\/div>\n","protected":false},"excerpt":{"rendered":"<p>Unter dem Titel &#8222;Oberstes Gebot: Silence absolu&#8220; ver\u00f6ffentlichte der <a href=\"http:\/\/www.general-anzeiger-bonn.de\/region\/siebengebirge\/koenigswinter\/Oberstes-Gebot-Silence-absolu-article1653907.html\">General-Anzeiger Bonn<\/a> in seiner Ausgabe vom 11.06.2015 einen Bericht \u00fcber den Vorlesewettbewerb am Gymnasium am \u00d6lberg. Sch\u00fcler der sechsten Klassen treten hier gegeneinander an, um sich in den Kenntnissen der franz\u00f6sischen Sprache zu messen.<\/p>\n","protected":false},"author":1,"featured_media":0,"parent":5981,"menu_order":0,"comment_status":"closed","ping_status":"closed","template":"","meta":{"footnotes":""},"class_list":["post-7441","page","type-page","status-publish","hentry"],"_links":{"self":[{"href":"https:\/\/www.koenigswinter-cognac.de\/index.php\/wp-json\/wp\/v2\/pages\/7441","targetHints":{"allow":["GET"]}}],"collection":[{"href":"https:\/\/www.koenigswinter-cognac.de\/index.php\/wp-json\/wp\/v2\/pages"}],"about":[{"href":"https:\/\/www.koenigswinter-cognac.de\/index.php\/wp-json\/wp\/v2\/types\/page"}],"author":[{"embeddable":true,"href":"https:\/\/www.koenigswinter-cognac.de\/index.php\/wp-json\/wp\/v2\/users\/1"}],"replies":[{"embeddable":true,"href":"https:\/\/www.koenigswinter-cognac.de\/index.php\/wp-json\/wp\/v2\/comments?post=7441"}],"version-history":[{"count":2,"href":"https:\/\/www.koenigswinter-cognac.de\/index.php\/wp-json\/wp\/v2\/pages\/7441\/revisions"}],"predecessor-version":[{"id":7443,"href":"https:\/\/www.koenigswinter-cognac.de\/index.php\/wp-json\/wp\/v2\/pages\/7441\/revisions\/7443"}],"up":[{"embeddable":true,"href":"https:\/\/www.koenigswinter-cognac.de\/index.php\/wp-json\/wp\/v2\/pages\/5981"}],"wp:attachment":[{"href":"https:\/\/www.koenigswinter-cognac.de\/index.php\/wp-json\/wp\/v2\/media?parent=7441"}],"curies":[{"name":"wp","href":"https:\/\/api.w.org\/{rel}","templated":true}]}}

<div  class='fullwidth-section  ' >	<div class="container"><div class="dt-sc-hr-border"></div><div class="blog-entry-posts"><div class="column dt-sc-one-third first"><article id="post-7603" class="blog-entry post-7603 post type-post status-publish format-aside has-post-thumbnail hentry category-151 post_format-post-format-aside"><div class="blog-entry-inner"><div class="entry-thumb"><a href="https://www.koenigswinter-cognac.de/index.php/jahresbericht-2015/" title="Jahresbericht 2015"><img loading="lazy" decoding="async" width="420" height="261" src="https://www.koenigswinter-cognac.de/wp-content/uploads/2018/03/2015-420x261.jpg" class="attachment-blog-threecol size-blog-threecol wp-post-image" alt="" title="Jahresbericht 2015" /><div class="blog-overlay"><span class="image-overlay-inside"></span></div></a></div><div class="entry-meta"><div class="date">31 Dez. 2015</div></div><div class="entry-title"><h4><a href="https://www.koenigswinter-cognac.de/index.php/jahresbericht-2015/">Jahresbericht 2015</a></h4></div><div class="entry-body"><p>Der Bericht mit den Aktivitäten des Partnerschaftsvereins im Jahr 2015 kann <a href="https://www.koenigswinter-cognac.de/wp-content/uploads/2018/03/Jahresbericht-2015.pdf">hier</a> heruntergeladen werden.
</p><div class="entry-metadata">by <a href="https://www.koenigswinter-cognac.de/index.php/author/KWCognac1989/">PV Königswinter - Cognac</a> / <a href="https://www.koenigswinter-cognac.de/index.php/category/2015/" title="View all posts in 2015">2015</a> / <a href="https://www.koenigswinter-cognac.de/index.php/jahresbericht-2015//#comments">No Comments</a></div></div></div></article></div><div class="column dt-sc-one-third"><article id="post-7639" class="blog-entry post-7639 post type-post status-publish format-aside has-post-thumbnail hentry category-151 post_format-post-format-aside"><div class="blog-entry-inner"><div class="entry-thumb"><a href="https://www.koenigswinter-cognac.de/index.php/delegation-aus-koenigswinter-zu-besuch-in-cognac/" title="Reise des Cognacvereins an die Charente"><img loading="lazy" decoding="async" width="420" height="261" src="https://www.koenigswinter-cognac.de/wp-content/uploads/2018/03/20150613-Empfang-in-Cognac-420x261.jpg" class="attachment-blog-threecol size-blog-threecol wp-post-image" alt="" title="Reise des Cognacvereins an die Charente" /><div class="blog-overlay"><span class="image-overlay-inside"></span></div></a></div><div class="entry-meta"><div class="date">01 Aug. 2015</div></div><div class="entry-title"><h4><a href="https://www.koenigswinter-cognac.de/index.php/delegation-aus-koenigswinter-zu-besuch-in-cognac/">Reise des Cognacvereins an die Charente</a></h4></div><div class="entry-body"><p>Mit ihren 1000 Jahren sorgten die Königswinterer bei ihrer Reise vom 11. bis 17. Juni 2015 in die Partnerstadt...</p><div class="entry-metadata">by <a href="https://www.koenigswinter-cognac.de/index.php/author/KWCognac1989/">PV Königswinter - Cognac</a> / <a href="https://www.koenigswinter-cognac.de/index.php/category/2015/" title="View all posts in 2015">2015</a> / <a href="https://www.koenigswinter-cognac.de/index.php/delegation-aus-koenigswinter-zu-besuch-in-cognac//#comments">No Comments</a></div></div></div></article></div><div class="column dt-sc-one-third"><article id="post-7642" class="blog-entry post-7642 post type-post status-publish format-aside has-post-thumbnail hentry category-151 post_format-post-format-aside"><div class="blog-entry-inner"><div class="entry-thumb"><a href="https://www.koenigswinter-cognac.de/index.php/vorlesewettbewerb-2015/" title="Vorlesewettbewerb 2015"><img loading="lazy" decoding="async" width="420" height="261" src="https://www.koenigswinter-cognac.de/wp-content/uploads/2018/03/20150611-Vorlesewettbewerb-2015-420x261.jpg" class="attachment-blog-threecol size-blog-threecol wp-post-image" alt="" title="Vorlesewettbewerb 2015" /><div class="blog-overlay"><span class="image-overlay-inside"></span></div></a></div><div class="entry-meta"><div class="date">11 Juni 2015</div></div><div class="entry-title"><h4><a href="https://www.koenigswinter-cognac.de/index.php/vorlesewettbewerb-2015/">Vorlesewettbewerb 2015</a></h4></div><div class="entry-body"><p>Unter dem Titel &#8222;Oberstes Gebot: Silence absolu&#8220; veröffentlichte der <a href="http://www.general-anzeiger-bonn.de/region/siebengebirge/koenigswinter/Oberstes-Gebot-Silence-absolu-article1653907.html">General-Anzeiger Bonn</a> in seiner Ausgabe vom 11.06.2015 einen Bericht...</p><div class="entry-metadata">by <a href="https://www.koenigswinter-cognac.de/index.php/author/KWCognac1989/">PV Königswinter - Cognac</a> / <a href="https://www.koenigswinter-cognac.de/index.php/category/2015/" title="View all posts in 2015">2015</a> / <a href="https://www.koenigswinter-cognac.de/index.php/vorlesewettbewerb-2015//#comments">No Comments</a></div></div></div></article></div></div><div class="dt-sc-hr-border"></div>	</div></div>

<p>Unter dem Titel &#8222;Oberstes Gebot: Silence absolu&#8220; veröffentlichte der <a href="http://www.general-anzeiger-bonn.de/region/siebengebirge/koenigswinter/Oberstes-Gebot-Silence-absolu-article1653907.html">General-Anzeiger Bonn</a> in seiner Ausgabe vom 11.06.2015 einen Bericht über den Vorlesewettbewerb am Gymnasium am Ölberg. Schüler der sechsten Klassen treten hier gegeneinander an, um sich in den Kenntnissen der französischen Sprache zu messen.</p>
