{"id":7452,"date":"2018-03-11T19:24:33","date_gmt":"2018-03-11T18:24:33","guid":{"rendered":"http:\/\/www.koenigswinter-cognac.de\/Wordpress-2018\/?page_id=7452"},"modified":"2018-03-11T19:24:34","modified_gmt":"2018-03-11T18:24:34","slug":"berichte-2012","status":"publish","type":"page","link":"https:\/\/www.koenigswinter-cognac.de\/index.php\/berichte\/berichte-2012\/","title":{"rendered":"Berichte 2012"},"content":{"rendered":"<div  class='fullwidth-section  ' >\t<div class=\"container\"><div class=\"dt-sc-hr-border\"><\/div><div class=\"blog-entry-posts\"><div class=\"column dt-sc-one-third first\"><article id=\"post-7568\" class=\"blog-entry post-7568 post type-post status-publish format-aside has-post-thumbnail hentry category-148 post_format-post-format-aside\"><div class=\"blog-entry-inner\"><div class=\"entry-thumb\"><a href=\"https:\/\/www.koenigswinter-cognac.de\/index.php\/jahresbericht-2012\/\" title=\"Jahresbericht 2012\"><img loading=\"lazy\" decoding=\"async\" width=\"420\" height=\"261\" src=\"https:\/\/www.koenigswinter-cognac.de\/wp-content\/uploads\/2018\/03\/2012-420x261.jpg\" class=\"attachment-blog-threecol size-blog-threecol wp-post-image\" alt=\"\" title=\"Jahresbericht 2012\" \/><div class=\"blog-overlay\"><span class=\"image-overlay-inside\"><\/span><\/div><\/a><\/div><div class=\"entry-meta\"><div class=\"date\">31 Dez. 2012<\/div><\/div><div class=\"entry-title\"><h4><a href=\"https:\/\/www.koenigswinter-cognac.de\/index.php\/jahresbericht-2012\/\">Jahresbericht 2012<\/a><\/h4><\/div><div class=\"entry-body\"><p>Der Bericht mit den Aktivit\u00e4ten des Partnerschaftsvereins im Jahr 2012 kann <a href=\"https:\/\/www.koenigswinter-cognac.de\/wp-content\/uploads\/2018\/03\/jahresbericht-2012.pdf\">hier<\/a> heruntergeladen werden.\n<\/p><div class=\"entry-metadata\">by <a href=\"https:\/\/www.koenigswinter-cognac.de\/index.php\/author\/KWCognac1989\/\">PV K\u00f6nigswinter - Cognac<\/a> \/ <a href=\"https:\/\/www.koenigswinter-cognac.de\/index.php\/category\/2012\/\" title=\"View all posts in 2012\">2012<\/a> \/ <a href=\"https:\/\/www.koenigswinter-cognac.de\/index.php\/jahresbericht-2012\/\/#comments\">No Comments<\/a><\/div><\/div><\/div><\/article><\/div><div class=\"column dt-sc-one-third\"><article id=\"post-7742\" class=\"blog-entry post-7742 post type-post status-publish format-aside has-post-thumbnail hentry category-148 post_format-post-format-aside\"><div class=\"blog-entry-inner\"><div class=\"entry-thumb\"><a href=\"https:\/\/www.koenigswinter-cognac.de\/index.php\/schueleraustausch-2012-aus-sicht-der-teilnehmer\/\" title=\"Sch\u00fcleraustausch 2012 aus Sicht der Teilnehmer\"><img loading=\"lazy\" decoding=\"async\" width=\"420\" height=\"261\" src=\"https:\/\/www.koenigswinter-cognac.de\/wp-content\/uploads\/2018\/04\/20141006-Sch\u00fcleraustausch-420x261.jpg\" class=\"attachment-blog-threecol size-blog-threecol wp-post-image\" alt=\"\" title=\"Sch\u00fcleraustausch 2012 aus Sicht der Teilnehmer\" \/><div class=\"blog-overlay\"><span class=\"image-overlay-inside\"><\/span><\/div><\/a><\/div><div class=\"entry-meta\"><div class=\"date\">27 Okt. 2012<\/div><\/div><div class=\"entry-title\"><h4><a href=\"https:\/\/www.koenigswinter-cognac.de\/index.php\/schueleraustausch-2012-aus-sicht-der-teilnehmer\/\">Sch\u00fcleraustausch 2012 aus Sicht der Teilnehmer<\/a><\/h4><\/div><div class=\"entry-body\"><p>Wie ist es eigentlich, zehn Tage in einer anderen Familie und dazu noch in einem anderen Land zu wohnen?...<\/p><div class=\"entry-metadata\">by <a href=\"https:\/\/www.koenigswinter-cognac.de\/index.php\/author\/KWCognac1989\/\">PV K\u00f6nigswinter - Cognac<\/a> \/ <a href=\"https:\/\/www.koenigswinter-cognac.de\/index.php\/category\/2012\/\" title=\"View all posts in 2012\">2012<\/a> \/ <a href=\"https:\/\/www.koenigswinter-cognac.de\/index.php\/schueleraustausch-2012-aus-sicht-der-teilnehmer\/\/#comments\">No Comments<\/a><\/div><\/div><\/div><\/article><\/div><div class=\"column dt-sc-one-third\"><article id=\"post-7747\" class=\"blog-entry post-7747 post type-post status-publish format-aside has-post-thumbnail hentry category-148 post_format-post-format-aside\"><div class=\"blog-entry-inner\"><div class=\"entry-thumb\"><a href=\"https:\/\/www.koenigswinter-cognac.de\/index.php\/boule-turnier-trotz-wetter-kapriolen\/\" title=\"Boule-Turnier trotz Wetter-Kapriolen\"><img loading=\"lazy\" decoding=\"async\" width=\"420\" height=\"261\" src=\"https:\/\/www.koenigswinter-cognac.de\/wp-content\/uploads\/2018\/04\/20120714-Boule-420x261.jpg\" class=\"attachment-blog-threecol size-blog-threecol wp-post-image\" alt=\"\" title=\"Boule-Turnier trotz Wetter-Kapriolen\" \/><div class=\"blog-overlay\"><span class=\"image-overlay-inside\"><\/span><\/div><\/a><\/div><div class=\"entry-meta\"><div class=\"date\">14 Juli 2012<\/div><\/div><div class=\"entry-title\"><h4><a href=\"https:\/\/www.koenigswinter-cognac.de\/index.php\/boule-turnier-trotz-wetter-kapriolen\/\">Boule-Turnier trotz Wetter-Kapriolen<\/a><\/h4><\/div><div class=\"entry-body\"><p>Geht es? Geht es nicht? Vor dieser Frage standen die Verantwortlichen des diesj\u00e4hrigen Boule-Turniers auf dem Festplatz in Heisterbacherrott....<\/p><div class=\"entry-metadata\">by <a href=\"https:\/\/www.koenigswinter-cognac.de\/index.php\/author\/KWCognac1989\/\">PV K\u00f6nigswinter - Cognac<\/a> \/ <a href=\"https:\/\/www.koenigswinter-cognac.de\/index.php\/category\/2012\/\" title=\"View all posts in 2012\">2012<\/a> \/ <a href=\"https:\/\/www.koenigswinter-cognac.de\/index.php\/boule-turnier-trotz-wetter-kapriolen\/\/#comments\">No Comments<\/a><\/div><\/div><\/div><\/article><\/div><div class=\"column dt-sc-one-third first\"><article id=\"post-7750\" class=\"blog-entry post-7750 post type-post status-publish format-aside has-post-thumbnail hentry category-148 post_format-post-format-aside\"><div class=\"blog-entry-inner\"><div class=\"entry-thumb\"><a href=\"https:\/\/www.koenigswinter-cognac.de\/index.php\/die-franzosen-in-koblenz\/\" title=\"Auf den Spuren der Franzosen in Koblenz\"><img loading=\"lazy\" decoding=\"async\" width=\"420\" height=\"261\" src=\"https:\/\/www.koenigswinter-cognac.de\/wp-content\/uploads\/2018\/04\/20120616-Koblenz-420x261.jpg\" class=\"attachment-blog-threecol size-blog-threecol wp-post-image\" alt=\"\" title=\"Auf den Spuren der Franzosen in Koblenz\" \/><div class=\"blog-overlay\"><span class=\"image-overlay-inside\"><\/span><\/div><\/a><\/div><div class=\"entry-meta\"><div class=\"date\">11 Juli 2012<\/div><\/div><div class=\"entry-title\"><h4><a href=\"https:\/\/www.koenigswinter-cognac.de\/index.php\/die-franzosen-in-koblenz\/\">Auf den Spuren der Franzosen in Koblenz<\/a><\/h4><\/div><div class=\"entry-body\"><p>Am 16. Juni 2012 begab sich der Partnerschaftsverein K\u00f6nigswinter &#8211; Cognac auf die Spuren der Franzosen im Koblenz. Der...<\/p><div class=\"entry-metadata\">by <a href=\"https:\/\/www.koenigswinter-cognac.de\/index.php\/author\/KWCognac1989\/\">PV K\u00f6nigswinter - Cognac<\/a> \/ <a href=\"https:\/\/www.koenigswinter-cognac.de\/index.php\/category\/2012\/\" title=\"View all posts in 2012\">2012<\/a> \/ <a href=\"https:\/\/www.koenigswinter-cognac.de\/index.php\/die-franzosen-in-koblenz\/\/#comments\">No Comments<\/a><\/div><\/div><\/div><\/article><\/div><div class=\"column dt-sc-one-third\"><article id=\"post-7757\" class=\"blog-entry post-7757 post type-post status-publish format-aside has-post-thumbnail hentry category-148 category-uncategorized post_format-post-format-aside\"><div class=\"blog-entry-inner\"><div class=\"entry-thumb\"><a href=\"https:\/\/www.koenigswinter-cognac.de\/index.php\/vorlesewettbewerb-im-gymnasium-am-oelberg\/\" title=\"Vorlesewettbewerb im Gymnasium am \u00d6lberg\"><img loading=\"lazy\" decoding=\"async\" width=\"420\" height=\"261\" src=\"https:\/\/www.koenigswinter-cognac.de\/wp-content\/uploads\/2018\/04\/20120704-Vorlesewettbewerb-2012-420x261.jpg\" class=\"attachment-blog-threecol size-blog-threecol wp-post-image\" alt=\"\" title=\"Vorlesewettbewerb im Gymnasium am \u00d6lberg\" \/><div class=\"blog-overlay\"><span class=\"image-overlay-inside\"><\/span><\/div><\/a><\/div><div class=\"entry-meta\"><div class=\"date\">04 Juli 2012<\/div><\/div><div class=\"entry-title\"><h4><a href=\"https:\/\/www.koenigswinter-cognac.de\/index.php\/vorlesewettbewerb-im-gymnasium-am-oelberg\/\">Vorlesewettbewerb im Gymnasium am \u00d6lberg<\/a><\/h4><\/div><div class=\"entry-body\"><p>Am vorletzten Schultag vor den Sommerferien war es wieder so weit. Zw\u00f6lf hochmotivierte Franz\u00f6sischsch\u00fcler aus den 6. Klassen nahmen...<\/p><div class=\"entry-metadata\">by <a href=\"https:\/\/www.koenigswinter-cognac.de\/index.php\/author\/KWCognac1989\/\">PV K\u00f6nigswinter - Cognac<\/a> \/ <a href=\"https:\/\/www.koenigswinter-cognac.de\/index.php\/category\/2012\/\" title=\"View all posts in 2012\">2012<\/a>, <a href=\"https:\/\/www.koenigswinter-cognac.de\/index.php\/category\/uncategorized\/\" title=\"View all posts in Uncategorized\">Uncategorized<\/a> \/ <a href=\"https:\/\/www.koenigswinter-cognac.de\/index.php\/vorlesewettbewerb-im-gymnasium-am-oelberg\/\/#comments\">No Comments<\/a><\/div><\/div><\/div><\/article><\/div><div class=\"column dt-sc-one-third\"><article id=\"post-7754\" class=\"blog-entry post-7754 post type-post status-publish format-aside has-post-thumbnail hentry category-148 post_format-post-format-aside\"><div class=\"blog-entry-inner\"><div class=\"entry-thumb\"><a href=\"https:\/\/www.koenigswinter-cognac.de\/index.php\/neuer-vorsitzender-und-galette-des-rois\/\" title=\"Neuer Vorsitzender und Galette des Rois\"><img loading=\"lazy\" decoding=\"async\" width=\"420\" height=\"261\" src=\"https:\/\/www.koenigswinter-cognac.de\/wp-content\/uploads\/2018\/04\/20120117-Galette-des-Rois-420x261.jpg\" class=\"attachment-blog-threecol size-blog-threecol wp-post-image\" alt=\"\" title=\"Neuer Vorsitzender und Galette des Rois\" \/><div class=\"blog-overlay\"><span class=\"image-overlay-inside\"><\/span><\/div><\/a><\/div><div class=\"entry-meta\"><div class=\"date\">17 Jan. 2012<\/div><\/div><div class=\"entry-title\"><h4><a href=\"https:\/\/www.koenigswinter-cognac.de\/index.php\/neuer-vorsitzender-und-galette-des-rois\/\">Neuer Vorsitzender und Galette des Rois<\/a><\/h4><\/div><div class=\"entry-body\"><p>Bei der diesj\u00e4hrigen Jahreshauptversammlung des Partnerschaftsvereins K\u00f6nigswinter &#8211; Cognac wurde Karsten Hinrichs zum neuen Vorsitzenden gew\u00e4hlt. Seine erste Amtshandlung...<\/p><div class=\"entry-metadata\">by <a href=\"https:\/\/www.koenigswinter-cognac.de\/index.php\/author\/KWCognac1989\/\">PV K\u00f6nigswinter - Cognac<\/a> \/ <a href=\"https:\/\/www.koenigswinter-cognac.de\/index.php\/category\/2012\/\" title=\"View all posts in 2012\">2012<\/a> \/ <a href=\"https:\/\/www.koenigswinter-cognac.de\/index.php\/neuer-vorsitzender-und-galette-des-rois\/\/#comments\">No Comments<\/a><\/div><\/div><\/div><\/article><\/div><\/div><div class=\"dt-sc-hr-border\"><\/div>\t<\/div><\/div>\n","protected":false},"excerpt":{"rendered":"<p>Bei der diesj\u00e4hrigen Jahreshauptversammlung des Partnerschaftsvereins K\u00f6nigswinter &#8211; Cognac wurde Karsten Hinrichs zum neuen Vorsitzenden gew\u00e4hlt. Seine erste Amtshandlung war die Kr\u00f6nung von Margret Vlachos-Nu\u00dfbaum und Clemens Feugmann, die ihre K\u00f6nigsw\u00fcrde beim Galette des Rois erhalten haben.<br \/>\nDer <a href=\"http:\/\/www.general-anzeiger-bonn.de\/region\/Eine-Bohne-bringt-die-K\u00f6nigsw\u00fcrde-article608838.html\">General-Anzeiger Bonn<\/a> berichtete am 20.01.2012<\/p>\n","protected":false},"author":1,"featured_media":0,"parent":5981,"menu_order":0,"comment_status":"closed","ping_status":"closed","template":"","meta":{"footnotes":""},"class_list":["post-7452","page","type-page","status-publish","hentry"],"_links":{"self":[{"href":"https:\/\/www.koenigswinter-cognac.de\/index.php\/wp-json\/wp\/v2\/pages\/7452","targetHints":{"allow":["GET"]}}],"collection":[{"href":"https:\/\/www.koenigswinter-cognac.de\/index.php\/wp-json\/wp\/v2\/pages"}],"about":[{"href":"https:\/\/www.koenigswinter-cognac.de\/index.php\/wp-json\/wp\/v2\/types\/page"}],"author":[{"embeddable":true,"href":"https:\/\/www.koenigswinter-cognac.de\/index.php\/wp-json\/wp\/v2\/users\/1"}],"replies":[{"embeddable":true,"href":"https:\/\/www.koenigswinter-cognac.de\/index.php\/wp-json\/wp\/v2\/comments?post=7452"}],"version-history":[{"count":2,"href":"https:\/\/www.koenigswinter-cognac.de\/index.php\/wp-json\/wp\/v2\/pages\/7452\/revisions"}],"predecessor-version":[{"id":7454,"href":"https:\/\/www.koenigswinter-cognac.de\/index.php\/wp-json\/wp\/v2\/pages\/7452\/revisions\/7454"}],"up":[{"embeddable":true,"href":"https:\/\/www.koenigswinter-cognac.de\/index.php\/wp-json\/wp\/v2\/pages\/5981"}],"wp:attachment":[{"href":"https:\/\/www.koenigswinter-cognac.de\/index.php\/wp-json\/wp\/v2\/media?parent=7452"}],"curies":[{"name":"wp","href":"https:\/\/api.w.org\/{rel}","templated":true}]}}